f 1638 and 1238146?
182
What is the greatest common factor of 510426 and 1386?
126
What is the greatest common divisor of 6024 and 7800?
24
What is the highest common divisor of 558 and 65038?
62
What is the highest common divisor of 708799 and 14?
7
Calculate the highest common factor of 30 and 1263.
3
What is the highest common divisor of 112 and 260604?
4
What is the greatest common factor of 36150 and 3450?
150
Calculate the highest common factor of 12165 and 90.
15
What is the highest common factor of 13 and 126633?
13
Calculate the highest common factor of 81368 and 364.
28
Calculate the highest common divisor of 2304 and 78768.
144
What is the greatest common factor of 88 and 8998?
22
What is the highest common divisor of 220 and 32020?
20
Calculate the highest common divisor of 262 and 112267.
131
Calculate the highest common factor of 1536887 and 341.
341
Calculate the greatest common divisor of 1074 and 175062.
1074
What is the greatest common factor of 5160 and 143835?
645
What is the greatest common divisor of 776 and 113752?
8
Calculate the highest common factor of 18000 and 20675.
25
What is the greatest common divisor of 188479 and 17?
17
Calculate the highest common divisor of 82716 and 54.
6
Calculate the highest common divisor of 5302 and 9922.
22
Calculate the greatest common divisor of 182053 and 17.
17
What is the greatest common divisor of 24 and 221826?
6
What is the greatest common factor of 93 and 10447?
31
Calculate the highest common divisor of 609 and 2639.
203
Calculate the greatest common divisor of 252 and 29364.
12
What is the greatest common factor of 165091 and 19?
19
Calculate the greatest common factor of 540240 and 40.
40
Calculate the greatest common factor of 191140 and 380.
380
What is the highest common factor of 1040 and 5239?
13
What is the highest common divisor of 159821 and 71?
71
Calculate the highest common divisor of 6 and 26043.
3
Calculate the highest common divisor of 9 and 35586.
9
Calculate the highest common divisor of 1071035 and 56.
7
Calculate the greatest common factor of 212314 and 1328.
166
What is the greatest common divisor of 1834 and 1792?
14
What is the highest common divisor of 3489172 and 1756?
1756
Calculate the greatest common factor of 7614 and 810.
162
Calculate the highest common factor of 2390 and 1090.
10
Calculate the highest common factor of 153 and 37298.
17
Calculate the greatest common factor of 107787 and 57.
57
Calculate the greatest common factor of 2242569 and 483.
483
What is the highest common divisor of 14873 and 6?
1
What is the highest common factor of 4697457 and 102?
51
Calculate the greatest common factor of 248168 and 1389.
463
Calculate the greatest common divisor of 74241 and 63.
9
What is the greatest common factor of 965892 and 24?
12
Calculate the greatest common factor of 117 and 80847.
117
What is the greatest common divisor of 868127 and 91?
13
What is the greatest common divisor of 14340 and 282?
6
Calculate the greatest common divisor of 1594266 and 12.
6
What is the highest common factor of 2976 and 67296?
96
Calculate the highest common factor of 3087112 and 42.
14
What is the highest common divisor of 41364 and 81?
27
Calculate the highest common factor of 38 and 168454.
38
Calculate the highest common divisor of 164 and 384596.
4
What is the greatest common divisor of 297090 and 3150?
90
Calculate the highest common divisor of 235 and 918004.
47
What is the highest common divisor of 4 and 21993?
1
What is the highest common divisor of 5861366 and 1169?
1169
What is the greatest common divisor of 174641 and 748?
17
Calculate the highest common factor of 110487 and 33.
3
Calculate the greatest common divisor of 96194 and 56.
14
Calculate the highest common factor of 32849 and 11663.
107
Calculate the greatest common factor of 41249 and 52.
13
Calculate the greatest common divisor of 3168 and 2064.
48
What is the highest common divisor of 26 and 16572023?
13
Calculate the greatest common factor of 18088 and 728.
56
What is the highest common factor of 78 and 573690?
78
Calculate the greatest common divisor of 243059 and 267.
89
Calculate the greatest common factor of 570 and 215270.
190
What is the greatest common factor of 884 and 6562?
34
What is the highest common factor of 115023 and 69?
69
What is the highest common factor of 19594 and 1010?
202
What is the greatest common factor of 580 and 2610?
290
What is the highest common divisor of 627 and 45277?
19
What is the highest common factor of 22 and 56738?
22
What is the highest common divisor of 93 and 286347?
93
What is the highest common factor of 36855 and 468195?
1365
Calculate the greatest common factor of 409359 and 3.
3
What is the greatest common factor of 229853 and 78?
13
What is the highest common factor of 7875 and 5065?
5
What is the greatest common factor of 245197 and 359?
359
What is the highest common factor of 4419 and 963?
9
Calculate the highest common divisor of 1647 and 46521.
27
What is the highest common factor of 1134 and 386127?
567
Calculate the greatest common divisor of 73120 and 800.
160
What is the greatest common factor of 4598 and 114?
38
Calculate the greatest common factor of 66 and 92433.
33
Calculate the greatest common divisor of 1240 and 558.
62
What is the highest common factor of 186544 and 15664?
1424
Calculate the greatest common factor of 159962 and 37016.
1322
Calculate the highest common factor of 225 and 238200.
75
Calculate the greatest common divisor of 130473 and 106533.
1197
Calculate the greatest common divisor of 142025 and 132145.
1235
Calculate the greatest common divisor of 323 and 9112.
17
What is the greatest common factor of 196 and 307916?
196
Calculate the highest common factor of 561 and 924.
33
Calculate the greatest common factor of 273 and 189.
21
What is the greatest common factor of 13 and 125203?
13
Calculate the highest common factor of 18508 and 2044.
28
What is the highest common divisor of 385092 and 60?
12
Calculate the greatest common factor of 2217035 and 5.
5
What is the greatest common factor of 54782 and 1505?
301
Calculate the greatest common factor of 4378 and 101888.
398
What is the highest common factor of 9 and 416994?
3
Calculate the highest common divisor of 1244 and 5132.
4
Calculate the greatest common divisor of 287602 and 14.
14
What is the highest common divisor of 561 and 27846?
51
What is the highest common divisor of 14094 and 4350?
174
What is the highest common divisor of 26 and 7146230?
26
What is the highest common divisor of 54580 and 140?
20
What is the greatest common factor of 4544 and 80230?
142
Calculate the greatest common factor of 12888 and 192246.
1074
Calculate the highest common divisor of 30 and 94320.
30
Calculate the highest common divisor of 455 and 945.
35
What is the greatest common factor of 1885 and 25085?
145
Calculate the highest common factor of 95631 and 6777.
753
Calculate the greatest common factor of 3179487 and 3879.
1293
What is the greatest common factor of 1939698 and 18?
18
What is the greatest common divisor of 95 and 95779?
19
Calculate the highest common factor of 2004 and 1536066.
1002
Calculate the highest common factor of 515 and 265.
5
Calculate the highest common divisor of 16 and 61648.
16
Calculate the highest common factor of 49210 and 380.
190
What is the highest common divisor of 76928 and 928?
32
What is the greatest common divisor of 322 and 106?
2
Calculate the highest common factor of 2092924 and 712.
356
What is the highest common factor of 105 and 29265?
15
What is the highest common divisor of 98854 and 2254?
322
Calculate the highest common factor of 244 and 205570.
122
What is the greatest common factor of 627 and 186879?
33
What is the highest common factor of 71567 and 1003?
59
What is the highest common factor of 189 and 489153?
21
What is the highest common factor of 1777 and 349?
1
What is the highest common divisor of 6031 and 1369?
37
Calculate the greatest common divisor of 9381 and 20193.
159
Calculate the highest common divisor of 184830 and 20.
10
What is the highest common divisor of 114 and 101916?
114
Calculate the greatest common divisor of 1844461 and 922.
461
Calculate the greatest common factor of 21 and 716835.
21
